he prime factors of 20540.
2, 5, 13, 79
What are the prime factors of 3204?
2, 3, 89
What are the prime factors of 73?
73
List the prime factors of 1408.
2, 11
List the prime factors of 82914.
2, 3, 13, 1063
List the prime factors of 811.
811
List the prime factors of 8264.
2, 1033
List the prime factors of 27062.
2, 7, 1933
What are the prime factors of 7008?
2, 3, 73
What are the prime factors of 30847?
109, 283
What are the prime factors of 12304?
2, 769
What are the prime factors of 3903?
3, 1301
What are the prime factors of 70453?
47, 1499
What are the prime factors of 14311?
11, 1301
What are the prime factors of 1303?
1303
What are the prime factors of 46561?
101, 461
What are the prime factors of 21514?
2, 31, 347
List the prime factors of 13708.
2, 23, 149
List the prime factors of 7479.
3, 277
What are the prime factors of 3914?
2, 19, 103
What are the prime factors of 979?
11, 89
What are the prime factors of 2248?
2, 281
What are the prime factors of 73721?
73721
What are the prime factors of 2891?
7, 59
What are the prime factors of 122768?
2, 7673
What are the prime factors of 12474?
2, 3, 7, 11
What are the prime factors of 44654?
2, 83, 269
What are the prime factors of 85?
5, 17
What are the prime factors of 1088?
2, 17
What are the prime factors of 2811?
3, 937
List the prime factors of 1463.
7, 11, 19
List the prime factors of 74986.
2, 37493
List the prime factors of 1389.
3, 463
What are the prime factors of 1334?
2, 23, 29
List the prime factors of 2069.
2069
List the prime factors of 23151.
3, 7717
List the prime factors of 44.
2, 11
List the prime factors of 10692.
2, 3, 11
What are the prime factors of 44846?
2, 17, 1319
List the prime factors of 258.
2, 3, 43
List the prime factors of 2998.
2, 1499
List the prime factors of 145.
5, 29
What are the prime factors of 18748?
2, 43, 109
What are the prime factors of 1473?
3, 491
What are the prime factors of 83548?
2, 20887
What are the prime factors of 912?
2, 3, 19
List the prime factors of 1034.
2, 11, 47
What are the prime factors of 9188?
2, 2297
List the prime factors of 7377.
3, 2459
What are the prime factors of 1635?
3, 5, 109
List the prime factors of 376.
2, 47
List the prime factors of 584.
2, 73
What are the prime factors of 1424?
2, 89
List the prime factors of 112370.
2, 5, 17, 661
What are the prime factors of 238?
2, 7, 17
List the prime factors of 1784.
2, 223
What are the prime factors of 131717?
107, 1231
List the prime factors of 1761.
3, 587
List the prime factors of 1351.
7, 193
List the prime factors of 658.
2, 7, 47
What are the prime factors of 5365?
5, 29, 37
List the prime factors of 4025.
5, 7, 23
List the prime factors of 4990.
2, 5, 499
List the prime factors of 38.
2, 19
What are the prime factors of 36113?
7, 11, 67
List the prime factors of 146058.
2, 3, 11, 2213
List the prime factors of 1347.
3, 449
What are the prime factors of 14550?
2, 3, 5, 97
List the prime factors of 459.
3, 17
What are the prime factors of 90691?
89, 1019
List the prime factors of 1480.
2, 5, 37
List the prime factors of 175.
5, 7
What are the prime factors of 3268?
2, 19, 43
What are the prime factors of 98877?
3, 23, 1433
List the prime factors of 68357.
17, 4021
List the prime factors of 76495.
5, 15299
What are the prime factors of 65791?
11, 5981
List the prime factors of 1930.
2, 5, 193
List the prime factors of 1434.
2, 3, 239
What are the prime factors of 5131?
7, 733
List the prime factors of 89338.
2, 19, 2351
What are the prime factors of 72736?
2, 2273
What are the prime factors of 42892?
2, 10723
List the prime factors of 848.
2, 53
List the prime factors of 5083.
13, 17, 23
List the prime factors of 60750.
2, 3, 5
List the prime factors of 632.
2, 79
List the prime factors of 29431.
19, 1549
What are the prime factors of 6723?
3, 83
What are the prime factors of 47354?
2, 23677
What are the prime factors of 104171?
73, 1427
List the prime factors of 243.
3
List the prime factors of 26527.
41, 647
What are the prime factors of 50298?
2, 3, 83, 101
List the prime factors of 8060.
2, 5, 13, 31
List the prime factors of 372.
2, 3, 31
What are the prime factors of 144034?
2, 11, 6547
List the prime factors of 3770.
2, 5, 13, 29
List the prime factors of 5957.
7, 23, 37
What are the prime factors of 7749?
3, 7, 41
List the prime factors of 2397.
3, 17, 47
What are the prime factors of 7408?
2, 463
What are the prime factors of 1114?
2, 557
List the prime factors of 27099.
3, 3011
List the prime factors of 58459.
53, 1103
List the prime factors of 15543.
3, 11, 157
What are the prime factors of 28699?
11, 2609
What are the prime factors of 15287?
15287
List the prime factors of 467.
467
List the prime factors of 1797.
3, 599
List the prime factors of 511.
7, 73
List the prime factors of 1309.
7, 11, 17
What are the prime factors of 1852?
2, 463
What are the prime factors of 19030?
2, 5, 11, 173
List the prime factors of 1498.
2, 7, 107
List the prime factors of 4369.
17, 257
What are the prime factors of 134?
2, 67
What are the prime factors of 68418?
2, 3, 7, 181
What are the prime factors of 127?
127
List the prime factors of 538.
2, 269
What are the prime factors of 7705?
5, 23, 67
List the prime factors of 3091.
11, 281
List the prime factors of 72969.
3, 13, 1871
What are the prime factors of 6889?
83
What are the prime factors of 23399?
23399
List the prime factors of 47833.
31, 1543
What are the prime factors of 280?
2, 5, 7
What are the prime factors of 9505?
5, 1901
List the prime factors of 178.
2, 89
What are the prime factors of 2505?
3, 5, 167
List the prime factors of 26219.
157, 167
List the prime factors of 6821.
19, 359
List the prime factors of 101.
101
List the prime factors of 1475.
5, 59
What are the prime factors of 1219?
23, 53
What are the prime factors of 2077?
31, 67
What are the prime factors of 3990?
2, 3, 5, 7, 19
List the prime factors of 4904.
2, 613
What are the prime factors of 3533?
3533
List the prime factors of 54289.
233
What are the prime factors of 8414?
2, 7, 601
What are the prime factors of 2449?
31, 79
List the prime factors of 10311.
3, 7, 491
List the prime factors of 10022.
2, 5011
List the prime factors of 46340.
2, 5, 7, 331
What are the prime factors of 1813?
7, 37
What are the prime factors of 61977?
3, 73, 283
List the prime factors of 4932.
2, 3, 137
List the prime factors of 9358.
2, 4679
List the prime factors of 286.
2, 11, 13
List the prime factors of 1476.
2, 3, 41
List the prime factors of 950.
2, 5, 19
What are the prime factors of 21788?
2, 13, 419
What are the prime factors of 14868?
2, 3, 7, 59
What are the prime factors of 624?
2, 3, 13
List the prime factors of 6426.
2, 3, 7, 17
List the prime factors of 1783.
1783
List the prime factors of 913.
11, 83
List the prime factors of 6920.
2, 5, 173
What are the prime factors of 11346?
2, 3, 31, 61
What are the prime factors of 3185?
5, 7, 13
What are the prime factors of 10640?
2, 5, 7, 19
What are the prime factors of 349?
349
What are the prime factors of 81804?
2, 3, 17, 401
List the prime factors of 9199.
9199
List the prime factors of 6292.
2, 11, 13
What are the prime factors of 42992?
2, 2687
What are the prime factors of 4035?
3, 5, 269
What are the prime factors of 754?
2, 13, 29
What are the prime factors of 67939?
67939
What are the prime factors of 6917?
6917
List the prime factors of 3299.
3299
List the prime factors of 3958.
2, 1979
List the prime factors of 15558.
2, 3, 2593
What are the prime factors of 41969?
41969
What are the prime factors of 5132?
2, 1283
What are the prime factors of 1236?
2, 3, 103
List the prime factors of 61.
61
List the prime factors of 18729.
3, 2081
List the prime factors of 6365.
5, 19, 67
What are the prime factors of 4284?
2, 3, 7, 17
List the prime factors of 38156.
2, 9539
List the prime factors of 33069.
3, 73, 151
List the prime factors of 4357.
4357
List the prime factors of 19827.
3, 2203
List the prime factors of 57925.
5, 7, 331
List the prime factors of 4790.
2, 5, 479
What are the prime factors of 758?
2, 379
What are the prime factors of 129059?
7, 103, 179
List the prime factors of 4724.
2, 1181
List the prime factors of 2136.
2, 3, 89
What are the prime factors of 1497?
3, 499
List th